{"id":38,"date":"2021-04-26T16:11:36","date_gmt":"2021-04-26T14:11:36","guid":{"rendered":"http:\/\/eco-outillage.fr\/?page_id=38"},"modified":"2022-01-17T15:45:52","modified_gmt":"2022-01-17T14:45:52","slug":"petite-annonce","status":"publish","type":"page","link":"https:\/\/eco-outillage.fr\/?page_id=38","title":{"rendered":"Petite Annonce"},"content":{"rendered":"\n<p class=\"has-text-align-justify has-larger-font-size\">Ici\u00a0vous\u00a0retrouverez\u00a0nos\u00a0petites\u00a0occasions,\u00a0n&rsquo;h\u00e9siter\u00a0pas\u00a0\u00e0\u00a0jeter\u00a0un\u00a0\u0153il\u00a0de\u00a0 temps\u00a0en\u00a0temps\u00a0car\u00a0nous\u00a0avons\u00a0r\u00e9guli\u00e8rement\u00a0des arrivages\u00a0\u00e0\u00a0des\u00a0prix\u00a0accessible.<\/p>\n\n\n\n<p> <\/p>\n\n\n\n<div class=\"wp-block-jetpack-tiled-gallery aligncenter is-style-rectangular\"><div class=\"tiled-gallery__gallery\"><div class=\"tiled-gallery__row\"><div class=\"tiled-gallery__col\" style=\"flex-basis:36.048773690078036%\"><figure class=\"tiled-gallery__item\"><img srcset=\"https:\/\/i0.wp.com\/eco-outillage.fr\/wp-content\/uploads\/2021\/04\/received_5045240040605161-1-scaled.jpeg?strip=info&#038;w=600 600w,https:\/\/i0.wp.com\/eco-outillage.fr\/wp-content\/uploads\/2021\/04\/received_5045240040605161-1-scaled.jpeg?strip=info&#038;w=900 900w,https:\/\/i0.wp.com\/eco-outillage.fr\/wp-content\/uploads\/2021\/04\/received_5045240040605161-1-scaled.jpeg?strip=info&#038;w=1200 1200w,https:\/\/i0.wp.com\/eco-outillage.fr\/wp-content\/uploads\/2021\/04\/received_5045240040605161-1-scaled.jpeg?strip=info&#038;w=1500 1500w,https:\/\/i0.wp.com\/eco-outillage.fr\/wp-content\/uploads\/2021\/04\/received_5045240040605161-1-scaled.jpeg?strip=info&#038;w=1800 1800w,https:\/\/i0.wp.com\/eco-outillage.fr\/wp-content\/uploads\/2021\/04\/received_5045240040605161-1-scaled.jpeg?strip=info&#038;w=1920 1920w\" alt=\"\" data-height=\"2560\" data-id=\"48\" data-link=\"http:\/\/eco-outillage.fr\/?attachment_id=48\" data-url=\"http:\/\/eco-outillage.fr\/wp-content\/uploads\/2021\/04\/received_5045240040605161-1-scaled.jpeg\" data-width=\"1920\" src=\"https:\/\/i0.wp.com\/eco-outillage.fr\/wp-content\/uploads\/2021\/04\/received_5045240040605161-1-scaled.jpeg\" layout=\"responsive\"\/><\/figure><\/div><div class=\"tiled-gallery__col\" style=\"flex-basis:63.95122630992195%\"><figure class=\"tiled-gallery__item\"><img srcset=\"https:\/\/i2.wp.com\/eco-outillage.fr\/wp-content\/uploads\/2021\/04\/received_3551353192702971-2-scaled.jpeg?strip=info&#038;w=600 600w,https:\/\/i2.wp.com\/eco-outillage.fr\/wp-content\/uploads\/2021\/04\/received_3551353192702971-2-scaled.jpeg?strip=info&#038;w=900 900w,https:\/\/i2.wp.com\/eco-outillage.fr\/wp-content\/uploads\/2021\/04\/received_3551353192702971-2-scaled.jpeg?strip=info&#038;w=1200 1200w,https:\/\/i2.wp.com\/eco-outillage.fr\/wp-content\/uploads\/2021\/04\/received_3551353192702971-2-scaled.jpeg?strip=info&#038;w=1500 1500w,https:\/\/i2.wp.com\/eco-outillage.fr\/wp-content\/uploads\/2021\/04\/received_3551353192702971-2-scaled.jpeg?strip=info&#038;w=1800 1800w,https:\/\/i2.wp.com\/eco-outillage.fr\/wp-content\/uploads\/2021\/04\/received_3551353192702971-2-scaled.jpeg?strip=info&#038;w=2000 2000w\" alt=\"\" data-height=\"1920\" data-id=\"49\" data-link=\"http:\/\/eco-outillage.fr\/?attachment_id=49\" data-url=\"http:\/\/eco-outillage.fr\/wp-content\/uploads\/2021\/04\/received_3551353192702971-2-scaled.jpeg\" data-width=\"2560\" src=\"https:\/\/i2.wp.com\/eco-outillage.fr\/wp-content\/uploads\/2021\/04\/received_3551353192702971-2-scaled.jpeg\" layout=\"responsive\"\/><\/figure><\/div><\/div><\/div><\/div>\n\n\n\n<p class=\"has-text-align-justify has-normal-font-size\">Tout&nbsp;le&nbsp;mat\u00e9riel&nbsp;qui&nbsp;est&nbsp;propos\u00e9&nbsp;\u00e0&nbsp;la&nbsp;vente&nbsp;est&nbsp;de&nbsp;l&rsquo;outillage&nbsp;thermique&nbsp; d&rsquo;occasion&nbsp;reconditionn\u00e9e.&nbsp;Nous&nbsp;fessons&nbsp;une&nbsp;r\u00e9vision&nbsp;pouss\u00e9e&nbsp;:&nbsp;nettoyage&nbsp; compl\u00e8te&nbsp;de&nbsp;la&nbsp;machine,&nbsp;bougie&nbsp;et&nbsp;filtre&nbsp;\u00e0&nbsp;aire&nbsp;neuf&nbsp;plus&nbsp;vidange..<\/p>\n\n\n\n<p class=\"has-text-align-justify\">Toutes&nbsp;les&nbsp;machines&nbsp;sont&nbsp;test\u00e9es&nbsp;afin&nbsp;de&nbsp;vous&nbsp;garantir&nbsp;un&nbsp;outillage&nbsp;en parfait \u00e9tat de marche..<\/p>\n","protected":false},"excerpt":{"rendered":"<p>Ici\u00a0vous\u00a0retrouverez\u00a0nos\u00a0petites\u00a0occasions,\u00a0n&rsquo;h\u00e9siter\u00a0pas\u00a0\u00e0\u00a0jeter\u00a0un\u00a0\u0153il\u00a0de\u00a0 temps\u00a0en\u00a0temps\u00a0car\u00a0nous\u00a0avons\u00a0r\u00e9guli\u00e8rement\u00a0des arrivages\u00a0\u00e0\u00a0des\u00a0prix\u00a0accessible. Tout&nbsp;le&nbsp;mat\u00e9riel&nbsp;qui&nbsp;est&nbsp;propos\u00e9&nbsp;\u00e0&nbsp;la&nbsp;vente&nbsp;est&nbsp;de&nbsp;l&rsquo;outillage&nbsp;thermique&nbsp; d&rsquo;occasion&nbsp;reconditionn\u00e9e.&nbsp;Nous&nbsp;fessons&nbsp;une&nbsp;r\u00e9vision&nbsp;pouss\u00e9e&nbsp;:&nbsp;nettoyage&nbsp; compl\u00e8te&nbsp;de&nbsp;la&nbsp;machine,&nbsp;bougie&nbsp;et&nbsp;filtre&nbsp;\u00e0&nbsp;aire&nbsp;neuf&nbsp;plus&nbsp;vidange.. Toutes&nbsp;les&nbsp;machines&nbsp;sont&nbsp;test\u00e9es&nbsp;afin&nbsp;de&nbsp;vous&nbsp;garantir&nbsp;un&nbsp;outillage&nbsp;en parfait \u00e9tat de marche..<\/p>\n","protected":false},"author":1,"featured_media":0,"parent":0,"menu_order":0,"comment_status":"closed","ping_status":"closed","template":"","meta":[],"_links":{"self":[{"href":"https:\/\/eco-outillage.fr\/index.php?rest_route=\/wp\/v2\/pages\/38"}],"collection":[{"href":"https:\/\/eco-outillage.fr\/index.php?rest_route=\/wp\/v2\/pages"}],"about":[{"href":"https:\/\/eco-outillage.fr\/index.php?rest_route=\/wp\/v2\/types\/page"}],"author":[{"embeddable":true,"href":"https:\/\/eco-outillage.fr\/index.php?rest_route=\/wp\/v2\/users\/1"}],"replies":[{"embeddable":true,"href":"https:\/\/eco-outillage.fr\/index.php?rest_route=%2Fwp%2Fv2%2Fcomments&post=38"}],"version-history":[{"count":5,"href":"https:\/\/eco-outillage.fr\/index.php?rest_route=\/wp\/v2\/pages\/38\/revisions"}],"predecessor-version":[{"id":131,"href":"https:\/\/eco-outillage.fr\/index.php?rest_route=\/wp\/v2\/pages\/38\/revisions\/131"}],"wp:attachment":[{"href":"https:\/\/eco-outillage.fr\/index.php?rest_route=%2Fwp%2Fv2%2Fmedia&parent=38"}],"curies":[{"name":"wp","href":"https:\/\/api.w.org\/{rel}","templated":true}]}}